{"id":123,"date":"2020-02-26T16:34:14","date_gmt":"2020-02-26T15:34:14","guid":{"rendered":"https:\/\/joergsader.wordpress.com\/?page_id=123"},"modified":"2024-01-17T17:12:38","modified_gmt":"2024-01-17T16:12:38","slug":"mit-dem-hund","status":"publish","type":"page","link":"https:\/\/joergsader.de\/index.php\/blog-feed\/texte\/mit-dem-hund\/","title":{"rendered":"Mit dem Hund"},"content":{"rendered":"\n<p class=\"has-small-font-size\"><\/p>\n\n\n\n<p class=\"has-small-font-size\"><\/p>\n\n\n\n<p class=\"has-small-font-size\">\u2026 dort die Br\u00fccke \u00fcberqueren und zu\u00adr\u00fcck im Schat\u00ad\u00ad\u00adten der ho\u00adhen, den Flu\u00df s\u00e4umenden B\u00e4u\u00adme, auf den B\u00e4n\u00ad\u00ad\u00adken Fu\u00df\u00adg\u00e4n\u00adger, aus\u00adru\u00adhen\u00adde, essende, tele\u00adfo\u00adnie\u00adren\u00adde, le\u00adsen\u00adde, auf\u00adschau\u00adend, wenn der Hund pl\u00f6tz\u00adlich und wa\u00adrum auch im\u00admer bellt, un\u00adver\u00admit\u00adtelt, als wollte er etwas mit\u00adteilen, viel\u00adleicht ist seine Spielfreude zu gro\u00df, vielleicht lang\u00adweilt er sich? <\/p>\n\n\n\n<p class=\"has-small-font-size\">Gehen, weil das Schreiben mi\u00dflingt und nicht in\nGang kom\u00ad\u00admen will, gehen als Beruhigung, als Trost \u00fcber ausblei\u00adbende Einf\u00e4lle\noder als Flucht vor der Leere, gehen auf Sp\u00e4\u00adte\u00adres hin, als stellte sich dort\nauf nicht wunderbare Weise etwas ein, das gro\u00dfe The\u00adma zum Bei\u00adspiel, die Zuver\u00adsicht,\nes w\u00e4re zu bew\u00e4l\u00adti\u00adgen, und da\u00df dabei Neues begin\u00adne, eine Phase inten\u00adsiven\nSchreibens, ein Ak\u00adtiv\u00adsein, das lange nicht war. Seltsam bei allem, da\u00df sich\ndie Gedanken ablenken lassen, in Dienst neh\u00admen vom \u00dcblichen des Weges, im\nGrunde ist Ge\u00adhen nur gehen, kein Nachdenken oder Herausfinden, gar Pr\u00e4\u00ad\u00ad\u00ad\u00ad\u00adzi\u00adsieren\nva\u00ad\u00ad\u00ad\u00ad\u00adger Ab\u00adsich\u00adten, und so steht am Ende des We\u00adges mit dem be\u00adsch\u00e4ftigten\nHund nichts da, das zum Schreiben ein\u00adla\u00adden, es wenigstens in Gang setzen\nw\u00fcrde oder ein\u00adfach not\u00adwen\u00ad\u00addig ma\u00adchen \u2013 es bleibt gehen im \u00c4u\u00ad\u00dferen, ein Auf\u00adschie\u00adben,\nviel\u00adleicht sogar Aus\u00adblen\u00adden, Unter\u00addr\u00fccken not\u00adwen\u00addiger Gedanken, ein Schau\u00aden,\ndas vor al\u00adlem ein Ach\u00adten auf den Hund ist, ein Ver\u00adbieten sei\u00adnes freund\u00adli\u00adchen\nGe\u00adbells, ein ihm Halt Sagen an der Stra\u00dfe, die zu \u00fcber\u00adqueren ist, ein ihn an\ndie Leine Neh\u00ad\u00admen in ge\u00adf\u00e4hr\u00adlichen Si\u00adtu\u00ad\u00ada\u00adtionen, ein Einge\u00adspanntsein in\nall\u00adt\u00e4g\u00ad\u00ad\u00ad\u00ad\u00adlich\u00ade, nichts\u00adsa\u00adgende Din\u00adge, blo\u00dfes Ge\u00adhen, nichts wei\u00adter. <\/p>\n\n\n\n<p class=\"has-small-font-size\">So einfach ist diese Bewegung von A nach B oder\nvon fr\u00fcher nach sp\u00e4\u00adter, eine Bewegung am Flu\u00df mit dem Hund, er mal vor, mal\nhinter mir, er in anderer Bewegung als ich, er ab\u00adge\u00adlenkt, ich ab\u00adgelenkt, er\nkonzentriert auf die Spuren am Wege, ich auf den Weg, er, der stehen bleibt,\nschn\u00fcffelt, pinkelt, zu\u00adr\u00fcck\u00adgeht, er\u00adneut riecht, ich dagegen in\ngleichbleibendem Tem\u00adpo, nicht ge\u00ad\u00ad\u00adm\u00e4chlich, nicht schnell, selten auf den\nHund war\u00adtend, der freu\u00addig hin\u00adterher springt, wenn er zulange gestanden hat,\nund z\u00fc\u00adgig auf\u00adholt, mit St\u00f6ckchen oder ohne. <\/p>\n\n\n\n<p class=\"has-small-font-size\">Bei Regen gehe ich schneller, schneller als der\nHund, dem der Regen nichts aus\u00admacht, der vielmehr so geht, als regne es gar\nnicht, im Grunde geht er immer so, ob es regnet oder nicht. Bei Zeit\u00addruck gehe\nich schneller, ob\u00adwohl das selten der Fall ist, sehr sel\u00adten, denn ich verf\u00fcge\n\u00fcber ge\u00adn\u00fcgend Zeit, wenn ich mit dem Hund gehe und mir vor\u00adneh\u00adme, \u00fcber Ideen\nund Ge\u00addanken nach\u00ad\u00adzudenken, wenn ich ver\u00adsuche, nicht auf den Weg zu ach\u00adten,\nden ich mit dem Hund laufe, und mich abzu\u00adschotten von allem \u00c4u\u00dferen, das mit\ndem Weg zu tun hat, mich also ganz und gar auf das konzentriere, das mit dem\nSchrei\u00adben zu tun hat, mit den Vor\u00adbe\u00adrei\u00adtun\u00adgen darauf, die mich, obwohl ab\u00ad\u00adwe\u00adsend,\ner\u00addr\u00fc\u00adcken, mir die Luft neh\u00admen und mich l\u00e4hmen auf dem Wege mit dem Hund.<\/p>\n\n\n\n<p class=\"has-small-font-size\">Bei starkem Regen oder sehr schlechtem Wetter\nf\u00e4llt der Gang am Flu\u00df aus. Ich h\u00fcte dann die Wohnung, sitze vor dem Rech\u00adner,\n\u00f6ffne eine leere Datei \u2013 nichts. Ich denke nach, \u00fcberlege, der Hund an der\nSeite, schlafend, brummend, zu\u00adwei\u00adlen bellend bei Ger\u00e4uschen im Hausflur \u2013\nnichts. Die leere Seite im Rech\u00ad\u00adner nimmt bedrohliche Formen an, ich tippe\neinen Satz, l\u00f6sche ihn, tippe einen zweiten, l\u00f6sche auch diesen, einen dritten\nund so fort. Oder suche nach Ab\u00adwechs\u00adlung im Netz, surfe ein wenig, bleibe\nirgendwo h\u00e4n\u00adgen, stelle irgend etwas fest, f\u00fcr Mi\u00adnuten ge\u00adlin\u00adgt die\nAblenkung. Doch die leere Seite kommt zu\u00adr\u00fcck, wie eine Mah\u00adnung erscheint sie\nauf dem Schirm, erwartet W\u00f6r\u00ad\u00adter, S\u00e4tze, Ab\u00ads\u00e4t\u00adze \u2026<\/p>\n\n\n\n<p class=\"has-small-font-size\">Statt W\u00f6rter, S\u00e4tzen, Ab\u00ads\u00e4t\u00adzen leere Seiten ohne\nW\u00f6rter, S\u00e4t\u00ad\u00ad\u00adze, Ab\u00ads\u00e4t\u00adze. Einerseits ein Zwang, ein Druck zu schrei\u00adben, und\nan\u00adde\u00adrerseits die Leere, die Datei oh\u00adne jeg\u00adliche W\u00f6r\u00ad\u00ad\u00adter, S\u00e4tze, Ab\u00ads\u00e4t\u00adze.\nNat\u00fcrlich ist mir bekannt, da\u00df man nicht drauf\u00adlos schreibt, sondern Vorbe\u00adrei\u00adtun\u00adgen\ntrifft, Vor\u00ad\u00fcber\u00adle\u00adgun\u00adgen an\u00adstellt, Pl\u00e4ne macht, Dreh\u00ad\u00adb\u00fc\u00adcher an\u00adlegt, so\nda\u00df, im Grun\u00adde ge\u00adnommen, das Schrei\u00adben der letzte Akt eines lan\u00adgen, sehr\nlangen Prozesses ist, ein Zu\u00ad\u00adsam\u00admen\u00adfas\u00adsen, ein Re\u00ads\u00fc\u00admie\u00adren, viel\u00adfa\u00adches\nAbgleichen also. Ver\u00ad\u00e4n\u00ad\u00adde\u00adrungen wird es da\u00ad\u00adbei ge\u00adben, oh\u00adne Fra\u00ad\u00adge, ja,\nwom\u00f6glich \u00dcber\u00adra\u00adschendes und un\u00ader\u00ad\u00adwartete Wen\u00ad\u00ad\u00addun\u00ad\u00ad\u00adgen, die mit dem Text\nzu tun ha\u00adben, mit den S\u00e4tzen, die h\u00e4ufig kl\u00fcger sind als der Au\u00adtor. Mit\u00adhin\nein ge\u00adwal\u00adtiger Proze\u00df, der dem Schreiben vor\u00ad\u00adaus\u00adgeht, und durch blo\u00ad\u00dfes\nSchrei\u00ad\u00adben nicht zu ersetzen ist.&nbsp; <\/p>\n\n\n\n<p class=\"has-small-font-size\">Auch nicht durch ein Schreiben, das ich komplex\nnen\u00adne, und das hei\u00dft Hin\u00ad\u00adschreiben, Redigieren, erneutes Schrei\u00adben, wie\u00ad\u00ad\u00adder\nkor\u00adri\u00ad\u00adgie\u00adren bis irgendwann die S\u00e4tze ma\u00adkel\u00adlos ste\u00adhen, un\u00adver\u00adr\u00fcck\u00adbar,\nnicht mehr zu verbessern. Offenbar sind die ge\u00addank\u00adli\u00adchen Vor\u00ad\u00fcberle\u00adgungen\nauch hier nicht ein\u00adzu\u00adholen, nicht zu er\u00adsetzen durch dieses endlose\n\u00dcberarbeiterei. Was hier ebenso fehl\u00adte, ist der Un\u00adterbau, das Funda\u00adment, und\ndamit die Si\u00adcher\u00adheit, die sich aus dem gr\u00f6\u00ad\u00dfe\u00adren Wis\u00adsen er\u00adgibt. \u00dcberhaupt,\ndas gr\u00f6\u00dfere Wis\u00adsen! Ist es die Gewi\u00dfheit, da\u00df ein Wort nur an be\u00adstimmter\nStelle stehen darf, nur dort und anderswo nicht? Oder da\u00df eine Per\u00adson nur hier\nund nir\u00adgends sonst auftreten, teil\u00adneh\u00admen und ihre Energie einbringen darf? <\/p>\n\n\n\n<p class=\"has-small-font-size\">Ist dem so, dann ist jeder Zweifel ausgeschlossen.\nSelbst dieser klei\u00ad\u00ad\u00ad\u00adne Untext ist, da ihm alles fehlt, was f\u00fcr sein Gelingen\nun\u00adab\u00addingbar w\u00e4re, zum Scheitern verurteilt: die Vor\u00ad\u00fcber\u00adle\u00adgun\u00adgen, das\ngr\u00f6\u00dfere Wissen, die traum\u00e4hnliche Gewi\u00dfheit auf der rich\u00adtigen Spur zu\nschreiben. Entmutigt sehe ich jetzt zum Hund, der ne\u00adben dem Schreibtisch d\u00f6st.\nUnd ab und an hoch\u00adblickt und freundlich we\u00addelt dabei \u2013 und beginne,\nverzweifelt und gl\u00fcck\u00adlich zugleich, mit dem Schreiben erneut.<\/p>\n","protected":false},"excerpt":{"rendered":"<p>Auf der Suche nach Ideen am Flu\u00df gehen, der Hund vor mir her oder hinter mir, die Schiffe auf dem tr\u00e4gen Wasser, voll\u00ad\u00ad\u00adbe\u00adsetzt zu dieser Zeit, und die Stim\u00admen der Reisef\u00fch\u00adrer, von Laut\u00adsprechern ver\u00ad\u00adst\u00e4rkt. Gehen bis zur Hansabr\u00fccke, so\u00addann zu\u00adr\u00fcck zum Wul\u00adlen\u00ad\u00ad\u00adwe\u00adber\u00ad\u00adsteg und der Niederlas\u00adsung von VW auf der Frank\u00ad\u00ad\u00ad\u00ad\u00adlin\u00adstra\u00ad\u00dfe, dort die Br\u00fccke \u00fcberqueren \u2026<\/p>\n","protected":false},"author":1,"featured_media":0,"parent":28,"menu_order":0,"comment_status":"closed","ping_status":"closed","template":"","meta":{"footnotes":""},"class_list":["post-123","page","type-page","status-publish","hentry"],"_links":{"self":[{"href":"https:\/\/joergsader.de\/index.php\/wp-json\/wp\/v2\/pages\/123","targetHints":{"allow":["GET"]}}],"collection":[{"href":"https:\/\/joergsader.de\/index.php\/wp-json\/wp\/v2\/pages"}],"about":[{"href":"https:\/\/joergsader.de\/index.php\/wp-json\/wp\/v2\/types\/page"}],"author":[{"embeddable":true,"href":"https:\/\/joergsader.de\/index.php\/wp-json\/wp\/v2\/users\/1"}],"replies":[{"embeddable":true,"href":"https:\/\/joergsader.de\/index.php\/wp-json\/wp\/v2\/comments?post=123"}],"version-history":[{"count":4,"href":"https:\/\/joergsader.de\/index.php\/wp-json\/wp\/v2\/pages\/123\/revisions"}],"predecessor-version":[{"id":740,"href":"https:\/\/joergsader.de\/index.php\/wp-json\/wp\/v2\/pages\/123\/revisions\/740"}],"up":[{"embeddable":true,"href":"https:\/\/joergsader.de\/index.php\/wp-json\/wp\/v2\/pages\/28"}],"wp:attachment":[{"href":"https:\/\/joergsader.de\/index.php\/wp-json\/wp\/v2\/media?parent=123"}],"curies":[{"name":"wp","href":"https:\/\/api.w.org\/{rel}","templated":true}]}}