{"id":30,"date":"2020-02-19T17:36:50","date_gmt":"2020-02-19T15:36:50","guid":{"rendered":"https:\/\/joergsader.wordpress.com\/?page_id=30"},"modified":"2025-05-19T13:02:11","modified_gmt":"2025-05-19T11:02:11","slug":"termine-lesungen","status":"publish","type":"page","link":"https:\/\/joergsader.de\/index.php\/termine-lesungen\/","title":{"rendered":"Termine\/Lesungen"},"content":{"rendered":"\n<p><\/p>\n\n\n\n<p><\/p>\n\n\n\n<p><\/p>\n\n\n\n<p><\/p>\n\n\n\n<p>19. Mai 25: <strong>Lesung im Studio 22<\/strong>, Levetzowstr. 22, 10555 Mabit<\/p>\n\n\n\n<p>J\u00fcrgen Hultenreich, <em>Schillergruft<\/em><\/p>\n\n\n\n<p>J\u00f6rg Sader, <em>Es ist Zeit, lichten wir den Anker<\/em><\/p>\n\n\n\n<p><\/p>\n\n\n\n<p><\/p>\n\n\n\n<p><\/p>\n\n\n\n<p class=\"has-medium-font-size\"><strong>Doppellesung<\/strong> am 30.  Januar 2025, 19.30 Uhr<\/p>\n\n\n\n<div class=\"wp-block-group is-nowrap is-layout-flex wp-container-core-group-is-layout-ad2f72ca wp-block-group-is-layout-flex\">\n<p>Malina <strong>Bura<\/strong> <em>Der Geschmack meiner Jugend<\/em><\/p>\n\n\n\n<p>J\u00f6rg <strong>Sader<\/strong> <em>Es ist Zeit, lichten wir den Anker<\/em><\/p>\n<\/div>\n\n\n\n<p><strong>Brotfabrik<\/strong> Berlin, Caligariplatz, 13086 Berlin\u2013Wei\u00dfensee<\/p>\n\n\n\n<p><\/p>\n\n\n\n<div class=\"wp-block-group is-nowrap is-layout-flex wp-container-core-group-is-layout-ad2f72ca wp-block-group-is-layout-flex\">\n<p><\/p>\n<\/div>\n\n\n\n<p><\/p>\n\n\n\n<p><\/p>\n\n\n\n<p><\/p>\n\n\n\n<p><\/p>\n\n\n\n<p><\/p>\n\n\n\n<p><\/p>\n\n\n\n<p><\/p>\n\n\n\n<p><\/p>\n\n\n\n<p><strong>Buchh\u00e4ndlerkeller 13. Februar 2025, 19.30 Uhr<\/strong><\/p>\n\n\n\n<p><em>Es ist Zeit, lichten wir den Anker<\/em><\/p>\n\n\n\n<p>Alt\u2013Lietzow 12<\/p>\n\n\n\n<p><\/p>\n\n\n\n<p><\/p>\n\n\n\n<p><\/p>\n\n\n\n<p><\/p>\n\n\n\n<p><\/p>\n\n\n\n<p><\/p>\n\n\n\n<p><\/p>\n\n\n\n<p><\/p>\n\n\n\n<p><strong>Lesung Lettr\u00e9tage<\/strong>, <strong>14. M\u00e4rz 2025<\/strong>, 19.30 Uhr<\/p>\n\n\n\n<p><\/p>\n\n\n\n<p>Veteranenstr. 21<\/p>\n\n\n\n<p>E<em>s ist Zeit, lichten wir den Anker<\/em><\/p>\n\n\n\n<p><\/p>\n\n\n\n<p><\/p>\n\n\n\n<div class=\"wp-block-group is-nowrap is-layout-flex wp-container-core-group-is-layout-ad2f72ca wp-block-group-is-layout-flex\">\n<p><\/p>\n<\/div>\n\n\n\n<p><\/p>\n\n\n\n<p><\/p>\n\n\n\n<p><\/p>\n\n\n\n<p><\/p>\n\n\n\n<p><\/p>\n\n\n\n<p><\/p>\n\n\n\n<p><\/p>\n\n\n\n<p><\/p>\n\n\n\n<p><\/p>\n\n\n\n<p><\/p>\n\n\n\n<p><\/p>\n\n\n\n<p><\/p>\n\n\n\n<p><\/p>\n\n\n\n<p><\/p>\n\n\n\n<p><\/p>\n\n\n\n<figure class=\"wp-block-image size-large is-resized\"><img loading=\"lazy\" decoding=\"async\" width=\"1024\" height=\"1024\" src=\"https:\/\/www.joergsader.de\/wp-content\/uploads\/2024\/07\/Lesung1-1024x1024.jpg\" alt=\"\" class=\"wp-image-865\" style=\"width:528px;height:auto\" srcset=\"https:\/\/joergsader.de\/wp-content\/uploads\/2024\/07\/Lesung1-1024x1024.jpg 1024w, https:\/\/joergsader.de\/wp-content\/uploads\/2024\/07\/Lesung1-300x300.jpg 300w, https:\/\/joergsader.de\/wp-content\/uploads\/2024\/07\/Lesung1-768x768.jpg 768w, https:\/\/joergsader.de\/wp-content\/uploads\/2024\/07\/Lesung1-100x100.jpg 100w, https:\/\/joergsader.de\/wp-content\/uploads\/2024\/07\/Lesung1.jpg 1181w\" sizes=\"auto, (max-width: 767px) 89vw, (max-width: 1000px) 54vw, (max-width: 1071px) 543px, 580px\" \/><\/figure>\n\n\n\n<p><\/p>\n\n\n\n<p><\/p>\n\n\n\n<p><\/p>\n\n\n\n<p><\/p>\n\n\n\n<p><\/p>\n\n\n\n<p><\/p>\n\n\n\n<p><\/p>\n\n\n\n<p><\/p>\n\n\n\n<p><\/p>\n\n\n\n<p><\/p>\n\n\n\n<p><\/p>\n\n\n\n<p><\/p>\n\n\n\n<p><\/p>\n\n\n\n<p><\/p>\n\n\n\n<p><\/p>\n\n\n\n<p><\/p>\n\n\n\n<p><\/p>\n\n\n\n<p><\/p>\n\n\n\n<p><\/p>\n\n\n\n<p><\/p>\n\n\n\n<p><\/p>\n\n\n\n<p><\/p>\n\n\n\n<p><\/p>\n\n\n\n<p><\/p>\n\n\n\n<figure class=\"wp-block-image size-large\"><img loading=\"lazy\" decoding=\"async\" width=\"1024\" height=\"1002\" src=\"https:\/\/www.joergsader.de\/wp-content\/uploads\/2024\/03\/Flyer-Lesereihe-mail-1024x1002.jpg\" alt=\"\" class=\"wp-image-803\" srcset=\"https:\/\/joergsader.de\/wp-content\/uploads\/2024\/03\/Flyer-Lesereihe-mail-1024x1002.jpg 1024w, https:\/\/joergsader.de\/wp-content\/uploads\/2024\/03\/Flyer-Lesereihe-mail-300x293.jpg 300w, https:\/\/joergsader.de\/wp-content\/uploads\/2024\/03\/Flyer-Lesereihe-mail-768x751.jpg 768w, https:\/\/joergsader.de\/wp-content\/uploads\/2024\/03\/Flyer-Lesereihe-mail.jpg 1276w\" sizes=\"auto, (max-width: 767px) 89vw, (max-width: 1000px) 54vw, (max-width: 1071px) 543px, 580px\" \/><\/figure>\n\n\n\n<p class=\"has-small-font-size\">Anstelle von Andreas Petersen, der verhindert ist, wird Lea Rosh lesen.<\/p>\n\n\n\n<p><\/p>\n\n\n\n<p><\/p>\n\n\n\n<p><\/p>\n\n\n\n<p><\/p>\n\n\n\n<p class=\"has-medium-font-size\"><\/p>\n\n\n\n<p><\/p>\n\n\n\n<p><\/p>\n\n\n\n<p><\/p>\n\n\n\n<p><\/p>\n\n\n\n<p class=\"has-small-font-size\"><em><strong>Echos<\/strong><\/em> \u2013 Lesung aus unver\u00f6ffentlichten Texten im <em>Studio 22<\/em>, Levetzowstr. 22, 10555 Moabit, anl\u00e4\u00dflich der Fotoausstellung ENERGIEKAMMERN von Anette W\u00f6rner. die im Rahmen des Moabiter Kunstfestivals ORTSTERMIN zu sehen ist, aber auch noch sp\u00e4ter. Die Fotografin zeigt Bilder aus den Lausitzer Tagebauen, Dauer der Ausstellung 26. 8. bis 9. 10. 22.<\/p>\n\n\n\n<p class=\"has-small-font-size\">J\u00f6rg Saders Lesung findet am 27. August, 19.30 Uhr, im <em>Studio 22<\/em> statt. Ein herzlIches Willkommen an alle Interessierten!<\/p>\n\n\n\n<p class=\"has-small-font-size\"><em>BUS 106 Zinsendorfstra\u00dfe, U Hansaplatz<\/em><\/p>\n\n\n\n<figure class=\"wp-block-image size-large\"><img loading=\"lazy\" decoding=\"async\" width=\"850\" height=\"569\" src=\"https:\/\/www.joergsader.de\/wp-content\/uploads\/2022\/08\/Kohlebagger-1.jpg\" alt=\"\" class=\"wp-image-589\" srcset=\"https:\/\/joergsader.de\/wp-content\/uploads\/2022\/08\/Kohlebagger-1.jpg 850w, https:\/\/joergsader.de\/wp-content\/uploads\/2022\/08\/Kohlebagger-1-300x201.jpg 300w, https:\/\/joergsader.de\/wp-content\/uploads\/2022\/08\/Kohlebagger-1-768x514.jpg 768w\" sizes=\"auto, (max-width: 767px) 89vw, (max-width: 1000px) 54vw, (max-width: 1071px) 543px, 580px\" \/><figcaption class=\"wp-element-caption\">Lausitzer Tagebau<\/figcaption><\/figure>\n\n\n\n<p class=\"has-small-font-size\"><strong>Berlin<\/strong><\/p>\n\n\n\n<p class=\"has-small-font-size\">Buchhandlung und Chocolaterie &#8222;Fr\u00e4ulein Schneefeld und Herr Hund&#8220; , <br>Prenzlauer Allee 23, 10405 Berlin, <\/p>\n\n\n\n<p class=\"has-small-font-size\">21. M\u00e4rz 2020, 19 Uhr<\/p>\n\n\n\n<p class=\"has-vivid-red-color has-text-color has-small-font-size\"><em>\u2013 verschoben auf unbestimmte Zeit!<\/em> \u2013<\/p>\n\n\n\n<p><\/p>\n\n\n","protected":false},"excerpt":{"rendered":"<p>19. Mai 25: Lesung im Studio 22, Levetzowstr. 22, 10555 Mabit J\u00fcrgen Hultenreich, Schillergruft J\u00f6rg Sader, Es ist Zeit, lichten wir den Anker Doppellesung am 30. Januar 2025, 19.30 Uhr Malina Bura Der Geschmack meiner Jugend J\u00f6rg Sader Es ist Zeit, lichten wir den Anker Brotfabrik Berlin, Caligariplatz, 13086 Berlin\u2013Wei\u00dfensee Buchh\u00e4ndlerkeller 13. Februar 2025, 19.30 &hellip; <\/p>\n<p class=\"link-more\"><a href=\"https:\/\/joergsader.de\/index.php\/termine-lesungen\/\" class=\"more-link\"><span class=\"screen-reader-text\">\u201eTermine\/Lesungen\u201c<\/span> weiterlesen<\/a><\/p>\n","protected":false},"author":1,"featured_media":0,"parent":0,"menu_order":0,"comment_status":"closed","ping_status":"closed","template":"","meta":{"footnotes":""},"class_list":["post-30","page","type-page","status-publish","hentry"],"_links":{"self":[{"href":"https:\/\/joergsader.de\/index.php\/wp-json\/wp\/v2\/pages\/30","targetHints":{"allow":["GET"]}}],"collection":[{"href":"https:\/\/joergsader.de\/index.php\/wp-json\/wp\/v2\/pages"}],"about":[{"href":"https:\/\/joergsader.de\/index.php\/wp-json\/wp\/v2\/types\/page"}],"author":[{"embeddable":true,"href":"https:\/\/joergsader.de\/index.php\/wp-json\/wp\/v2\/users\/1"}],"replies":[{"embeddable":true,"href":"https:\/\/joergsader.de\/index.php\/wp-json\/wp\/v2\/comments?post=30"}],"version-history":[{"count":51,"href":"https:\/\/joergsader.de\/index.php\/wp-json\/wp\/v2\/pages\/30\/revisions"}],"predecessor-version":[{"id":936,"href":"https:\/\/joergsader.de\/index.php\/wp-json\/wp\/v2\/pages\/30\/revisions\/936"}],"wp:attachment":[{"href":"https:\/\/joergsader.de\/index.php\/wp-json\/wp\/v2\/media?parent=30"}],"curies":[{"name":"wp","href":"https:\/\/api.w.org\/{rel}","templated":true}]}}