{"id":692,"date":"2023-12-31T12:11:16","date_gmt":"2023-12-31T11:11:16","guid":{"rendered":"https:\/\/www.joergsader.de\/?page_id=692"},"modified":"2025-12-09T09:21:40","modified_gmt":"2025-12-09T08:21:40","slug":"vita","status":"publish","type":"page","link":"https:\/\/joergsader.de\/index.php\/vita\/","title":{"rendered":"Vita"},"content":{"rendered":"\n<p>Curriculum vitae<\/p>\n\n\n\n<p class=\"has-small-font-size\">J\u00f6rg Sader, 1945 in Erfurt geboren, lebt nach Desertion und Haft ab 1967 in der Bundesrepublik Deutschland. Dort Abitur auf dem Zweiten Bildungsweg, ab 1970 Studium der Germanistik, Romanistik und Philosophie in Frankfurt am Main und Paris, Staatsexamen und Promotion. Danach verschiedene T\u00e4tigkeiten, u. a. \u00dcbersetzer, Franz\u00f6sischlehrer und Antiquariatsbuchh\u00e4ndler.<\/p>\n\n\n\n<p class=\"has-small-font-size\">Seit 1994 Seminare fu\u0308r Rhetorik und Kommunikation sowie Poetik\u2013Workshops fu\u0308r Autoren. Von 1997 bis 2002 Dozent an der Goethe\u2013Universit\u00e4t Frankfurt am Main, J\u00f6rg Sader unterrichtet Neuere Deutsche Literatur. Seit 2005 Vorsitzender des Autorenkreises der Bundesrepublik. Forum fu\u0308r Literatur und Politik.<\/p>\n\n\n\n<p class=\"has-small-font-size\">Ver\u00f6ffentlichungen zur Literaturwissenschaft und Prosatexte in Literaturzeitschriften, Herausgaben, Rezensionen zu Literatur und Bildender Kunst in Ausstellungskatalogen und im Internetforum <em>literaturkritik.de<\/em>, Vortr\u00e4ge, Moderationen.<\/p>\n\n\n\n<p class=\"has-small-font-size\"><br><em>Unter Tage<\/em> ist J\u00f6rg Saders erster Erz\u00e4hlungsband, <em>Alba, Liebste<\/em> der zweite. Sein erster Roman <em>Das Flu\u0308stern der Augen<\/em> erschien im Juni 2023, die <em>Notate<\/em> 2024 (vgl. www.joergsader.de).<\/p>\n\n\n\n<h2 class=\"wp-block-heading\"><\/h2>\n\n\n\n<p><\/p>\n","protected":false},"excerpt":{"rendered":"<p>Curriculum vitae J\u00f6rg Sader, 1945 in Erfurt geboren, lebt nach Desertion und Haft ab 1967 in der Bundesrepublik Deutschland. Dort Abitur auf dem Zweiten Bildungsweg, ab 1970 Studium der Germanistik, Romanistik und Philosophie in Frankfurt am Main und Paris, Staatsexamen und Promotion. Danach verschiedene T\u00e4tigkeiten, u. a. \u00dcbersetzer, Franz\u00f6sischlehrer und Antiquariatsbuchh\u00e4ndler. Seit 1994 Seminare fu\u0308r &hellip; <\/p>\n<p class=\"link-more\"><a href=\"https:\/\/joergsader.de\/index.php\/vita\/\" class=\"more-link\"><span class=\"screen-reader-text\">\u201eVita\u201c<\/span> weiterlesen<\/a><\/p>\n","protected":false},"author":1,"featured_media":0,"parent":0,"menu_order":0,"comment_status":"closed","ping_status":"closed","template":"","meta":{"footnotes":""},"class_list":["post-692","page","type-page","status-publish","hentry"],"_links":{"self":[{"href":"https:\/\/joergsader.de\/index.php\/wp-json\/wp\/v2\/pages\/692","targetHints":{"allow":["GET"]}}],"collection":[{"href":"https:\/\/joergsader.de\/index.php\/wp-json\/wp\/v2\/pages"}],"about":[{"href":"https:\/\/joergsader.de\/index.php\/wp-json\/wp\/v2\/types\/page"}],"author":[{"embeddable":true,"href":"https:\/\/joergsader.de\/index.php\/wp-json\/wp\/v2\/users\/1"}],"replies":[{"embeddable":true,"href":"https:\/\/joergsader.de\/index.php\/wp-json\/wp\/v2\/comments?post=692"}],"version-history":[{"count":6,"href":"https:\/\/joergsader.de\/index.php\/wp-json\/wp\/v2\/pages\/692\/revisions"}],"predecessor-version":[{"id":960,"href":"https:\/\/joergsader.de\/index.php\/wp-json\/wp\/v2\/pages\/692\/revisions\/960"}],"wp:attachment":[{"href":"https:\/\/joergsader.de\/index.php\/wp-json\/wp\/v2\/media?parent=692"}],"curies":[{"name":"wp","href":"https:\/\/api.w.org\/{rel}","templated":true}]}}